= t**3 - 4*t**2 + t + 12. Calculate the remainder when 123 is divided by w(h).
39
Let t(n) = -3*n**3 - 11*n**2 - 9*n - 7. Let r be t(-4). Suppose r = -i + 94. Let q(g) = g**2 + 4*g + 5. Calculate the remainder when i is divided by q(-5).
9
Let z(k) = k**3 - 3*k**2 - 51*k + 43. Calculate the remainder when 2335 is divided by z(-6).
10
Suppose 13*h + 268 = c - 2*h, 12 = 2*h. Calculate the remainder when 381 is divided by c.
23
Suppose 20 = 5*a, -4*n + 2*a + 116 = -2*a. Suppose 3717 = n*w - 24*w. Calculate the remainder when w is divided by 52.
49
Suppose 0 = v - 8*v + 203. Suppose -w - 3*l - 13 = 0, -5*w - 4 = -3*l - v. What is the remainder when 72 is divided by (-76)/(2 + 0)*(-1)/w?
15
What is the remainder when (-2)/8 - 621/(-4) is divided by (-30)/12 + (-5)/(80/(-872))?
51
Calculate the remainder when 344 is divided by (-49)/(-28) + ((-91)/(-2) - (-4)/(-16)).
15
Let f = 171 - 552. Let m = -258 - f. What is the remainder when m is divided by 9?
6
Let m(z) = 14*z**2 + 3*z - 2. What is the remainder when m(5) is divided by 366/(-24)*(30 + -34)?
58
Let v be (2/8)/((-8)/(-64)). Let x be v/(-5) + (-544)/40. Let o(k) = -k**2 - 16*k - 12. Calculate the remainder when 109 is divided by o(x).
13
Let j(t) = 129*t - 444. Calculate the remainder when j(8) is divided by 27.
21
Let b(r) = -r**2 - 19*r + 2. Let a be b(-18). Suppose -6*m = -2*m + a. Let j(k) = k**3 + 6*k**2 - 2*k - 4. What is the remainder when j(m) is divided by 17?
14
Let p = -130553 + 130582. Let r = 65 - -50. What is the remainder when r is divided by p?
28
Let r(g) = -g**2 + 3*g + 30. Let c be r(15). Let d = c + 179. What is the remainder when d is divided by 5?
4
Let y = -4462 - -4465. Calculate the remainder when 74 is divided by y.
2
Suppose 5*i = 5*u + 15100, -6044 = -5*i + 3*i - 2*u. Calculate the remainder when i is divided by 18.
15
Suppose -6*l - 366 = -24. Let w be (88/55)/(1/(-95)). Let z = l - w. What is the remainder when z is divided by 14?
11
Suppose -7*t + 69500 = 41*t - 14644. What is the remainder when t is divided by 43?
33
Suppose 14*l + 17*l - 93 = 0. Suppose l*r = 2*x + 160, -r - 2*x + 14 + 50 = 0. Calculate the remainder when r is divided by 31.
25
What is the remainder when 6585/135 + 80/36 + (1 - 3) is divided by 46/10 + (-4)/(-10)?
4
Let b(w) be the third derivative of w**5/60 + w**4/8 - 2*w**3/3 + w**2. Let l be b(9). Suppose 0 = 8*x - l - 0. Calculate the remainder when x is divided by 7.
6
Let r(p) = p**3 + 18*p**2 - 73*p - 21. Suppose 40*s - 4*g + 113 = 35*s, 0 = 5*s + 2*g + 101. What is the remainder when r(s) is divided by 24?
21
Suppose -q = 6 - 50. Suppose -4 = q*i - 45*i. Suppose -i*z = -2*x + 42 + 52, 2*x = 3*z + 99. Calculate the remainder when x is divided by 5.
2
Suppose 12*u - 102 = 46*u. Suppose -4*b = 3*j - 149, -3*b = -5*j - 4*b + 237. What is the remainder when (-6980)/(-50) + u/5 is divided by j?
45
Let m be 16 - (-170)/(-10) - (1 - 1500). Let r = 1690 - m. Suppose 5*l - 162 = 83. Calculate the remainder when r is divided by l.
45
Suppose -3*r + 34 = -44*z + 42*z, 4*z = -3*r + 22. What is the remainder when 388 is divided by r?
8
Suppose 33*i - 38*i + 15430 = 5*p, -4*i + 3*p + 12330 = 0. What is the remainder when i is divided by 21?
18
Let w(s) = 3*s**2 + 2*s + 3. Let f be w(6). Let a = 26 - f. Let b = 113 + a. Calculate the remainder when 76 is divided by b.
12
Let m(p) = -24*p - 34. Let r be m(-10). Suppose r = 2*l - 2*n, -10 = 4*n + 2. What is the remainder when l is divided by 17?
15
Let v(t) = -13*t + 3. Let d = -312 + 167. Let k = -137 - d. What is the remainder when v(-4) is divided by k?
7
Suppose 2*k + 50 = 2*z - 0, -5*k = -3*z + 63. Calculate the remainder when (6/8)/((-16)/(-960)) is divided by z.
14
Let d(t) be the second derivative of -17*t**3/2 + 313*t**2/2 + 183*t. Calculate the remainder when 573 is divided by d(6).
6
Suppose -5*p + 2*l = -0*p - 323, 0 = -4*p - 5*l + 232. Suppose 53 + 73 = 7*g. What is the remainder when p is divided by g?
9
Calculate the remainder when 593 is divided by 8/((-1885)/(-312) + -6).
17
Let s(x) = 3*x**2 - 68*x + 93. What is the remainder when s(23) is divided by 9?
8
Let w = -7089 - -7100. What is the remainder when 71 is divided by w?
5
Let y(h) = 3019*h - 41653. Let g(f) = -f**3 + 4*f**2 + 2*f - 1. Calculate the remainder when y(14) is divided by g(3).
11
Let g(j) = -j**3 + 25*j**2 - 3*j - 35. Let t be g(23). Calculate the remainder when t/21 + 3/(-7) is divided by 12.
9
Suppose -5*z = -2*y + 127, -4*z + 0*y - 103 = -3*y. What is the remainder when ((-122)/6)/(z/525) is divided by 107?
106
Let k be 87 - (-3 + 0)/3. Calculate the remainder when 58 is divided by (-33)/k - (-102)/16.
4
Let x = 137 + -118. What is the remainder when 116 is divided by x/(19/12) + 3?
11
Let h(r) = -r**2 + 3*r + 6. Let d be h(-3). Let q be (76/d)/((-2)/36). Suppose 2*l - 4*l + q = 0. Calculate the remainder when l is divided by 20.
17
Suppose 0 = -5*d - 5*a + 305, 4*d - 298 = 4*a - 94. What is the remainder when 1730 is divided by d?
50
Suppose 3*d = -3*a - a + 9, -4*a - 4*d = -4. Let c(j) = -2*j + 0*j**2 - j**2 + 5*j + 4*j + 3. Calculate the remainder when 35 is divided by c(a).
8
Suppose -1193*p = -1188*p - 1865. Calculate the remainder when 760 is divided by p.
14
Let n(g) = -446*g - 1314. What is the remainder when 1195 is divided by n(-3)?
19
Let b(t) = -10*t - 15. Let q be b(-3). Suppose l - 3*d - q - 29 = 0, -4*l = -4*d - 192. What is the remainder when 148 is divided by l?
48
Suppose -w - 22*w = -15341. Let m = -664 + w. Let n(i) = -i**3 - 6*i**2 - i. What is the remainder when n(-6) is divided by m?
0
Let c(r) = -3*r - 15. Let x(y) = 7*y + 29. Let d be -5 - (-36)/7 - (-58)/(-14). Let u(g) = d*x(g) - 9*c(g). Calculate the remainder when 19 is divided by u(8).
8
Let x(a) = 14*a**2 - a + 1. Let c be x(-1). Let m(s) = s**3 - 17*s**2 + 21*s + 28. What is the remainder when m(c) is divided by 11?
9
What is the remainder when -4*((-17)/(935/(-10)) - (-5319)/(-33)) is divided by 20?
4
Let o(l) = 439*l + 3104. Let w be (-2)/((3 + -2)*-1). Suppose -q + 3*m = -26, -80 = -w*q - 3*q + 5*m. What is the remainder when o(-7) is divided by q?
9
Let z = -180 - -225. Let b(j) = 5*j + 368. What is the remainder when b(-63) is divided by z?
8
Suppose -4*a + 0*a = -104. Let o be -1*(-4 + 9 + -12). Suppose o*v + 299 = 635. What is the remainder when v is divided by a?
22
Let t = 17 + -28. Let q(s) = -s + 2. Let x be q(3). Let l = x - t. Calculate the remainder when 18 is divided by l.
8
Let a(z) be the third derivative of z**5/30 - z**4/12 - 2*z**3/3 + 15*z**2. Calculate the remainder when 223 is divided by a(-5).
55
Suppose 10*h = -17*h + 486. Suppose 3*f + 4 = 4*g + 2, -14 = -3*g - 4*f. Suppose g*r = -3*r + 50. Calculate the remainder when h is divided by r.
8
What is the remainder when 267 is divided by 48/(-14)*(-1421)/116?
15
Let n = 25656 + -25641. Let q be (-6)/(-33) - (-60)/33. Suppose 0*r - 56 = -q*r. Calculate the remainder when r is divided by n.
13
Let k(w) = -w**3 - 3*w**2 + 13*w + 27. Let j be k(-6). Let x = j + 1. Calculate the remainder when x is divided by 12.
10
Let u(g) = 16*g + 2. Let p be (1 - -1)/6 - (-6)/9. Let q be u(p). Let h(s) = -s**3 + 17*s**2 + 20*s - 8. What is the remainder when h(q) is divided by 4?
0
Let l = -6306 - -6331. Calculate the remainder when 29972 is divided by l.
22
Suppose -6 = 3*f - 0*f. Let w(l) = -l**3 - l**2 - 2*l + 1. Let t(q) = 2*q**3 - 5*q**2 - 5*q + 6. What is the remainder when t(4) is divided by w(f)?
7
Let p(b) = 3*b**2 - 6*b + 11. Let a(g) = g**3 + 9*g**2 - 18*g + 33. Let k(m) = 3*a(m) - 8*p(m). Calculate the remainder when 39 is divided by k(2).
4
Suppose -110*p = -11*p + 19*p - 31506. What is the remainder when p is divided by 29?
6
Let o(z) = -z**3 + 14*z**2 - 18*z + 45. Let k be o(9). Suppose 9*a + 4*v = 10*a - 132, 4*v = -2*a + k. Calculate the remainder when a is divided by 12.
8
Suppose -4*g = 4434 + 7734. Calculate the remainder when -8 + g/(-6 + 0) is divided by 84.
79
Let r(i) = 69*i - 271. Let w(q) = -32*q + 135. Let h(z) = 2*r(z) + 5*w(z). What is the remainder when h(0) is divided by 28?
21
Let r(u) = 11*u**2 - 23*u - 43. Let v(y) = y**3 - 30*y**2 + 29*y - 6. Let p be v(29). What is the remainder when r(p) is divided by 15?
11
Let h(o) = -o**2 - o - 1. Let c(